{"id":552,"date":"2022-05-10T11:16:04","date_gmt":"2022-05-10T09:16:04","guid":{"rendered":"http:\/\/localhost\/gastrocaceres\/?page_id=552"},"modified":"2022-06-05T00:34:03","modified_gmt":"2022-06-04T22:34:03","slug":"inscribete","status":"publish","type":"page","link":"https:\/\/2022.jatoprovinciadecaceres.es\/gastrocaceres\/inscribete\/","title":{"rendered":"Inscr\u00edbete"},"content":{"rendered":"\t\t<div data-elementor-type=\"wp-page\" data-elementor-id=\"552\" class=\"elementor elementor-552\">\n\t\t\t\t\t\t<section class=\"elementor-section elementor-top-section elementor-element elementor-element-515f414 aux-cyclist-contact elementor-section-boxed elementor-section-height-default elementor-section-height-default\" data-id=\"515f414\" data-element_type=\"section\" data-e-type=\"section\" data-settings=\"{&quot;background_background&quot;:&quot;classic&quot;}\">\n\t\t\t\t\t\t<div class=\"elementor-container elementor-column-gap-no\">\n\t\t\t\t\t<div class=\"aux-parallax-section elementor-column elementor-col-33 elementor-top-column elementor-element elementor-element-849ae75\" data-id=\"849ae75\" data-element_type=\"column\" data-e-type=\"column\">\n\t\t\t<div class=\"elementor-widget-wrap\">\n\t\t\t\t\t\t\t<\/div>\n\t\t<\/div>\n\t\t\t\t<div class=\"aux-parallax-section elementor-column elementor-col-33 elementor-top-column elementor-element elementor-element-a3621e4 aux-appear-watch-animation aux-mask-from-left\" data-id=\"a3621e4\" data-element_type=\"column\" data-e-type=\"column\" data-settings=\"{&quot;background_background&quot;:&quot;gradient&quot;}\">\n\t\t\t<div class=\"elementor-widget-wrap elementor-element-populated\">\n\t\t\t\t\t\t<div class=\"elementor-element elementor-element-2fbe5a0 aux-appear-watch-animation aux-fade-in-up elementor-widget elementor-widget-aux_modern_heading\" data-id=\"2fbe5a0\" data-element_type=\"widget\" data-e-type=\"widget\" data-widget_type=\"aux_modern_heading.default\">\n\t\t\t\t<div class=\"elementor-widget-container\">\n\t\t\t\t\t<section class=\"aux-widget-modern-heading\">\n            <div class=\"aux-widget-inner\"><h2 class=\"aux-modern-heading-primary\">Inscr\u00edbete<\/h2><\/div>\n        <\/section>\t\t\t\t<\/div>\n\t\t\t\t<\/div>\n\t\t\t\t<div class=\"elementor-element elementor-element-ab9454f elementor-widget elementor-widget-text-editor\" data-id=\"ab9454f\" data-element_type=\"widget\" data-e-type=\"widget\" data-widget_type=\"text-editor.default\">\n\t\t\t\t<div class=\"elementor-widget-container\">\n\t\t\t\t\t\t\t\t\t<p>S\u00f3lo se admitir\u00e1n las primeras 50 inscripciones por actividad<\/p>\t\t\t\t\t\t\t\t<\/div>\n\t\t\t\t<\/div>\n\t\t\t\t<div class=\"elementor-element elementor-element-a002540 aux-appear-watch-animation aux-fade-in-up elementor-hidden-desktop elementor-hidden-tablet elementor-hidden-mobile elementor-widget elementor-widget-aux_modern_heading\" data-id=\"a002540\" data-element_type=\"widget\" data-e-type=\"widget\" data-widget_type=\"aux_modern_heading.default\">\n\t\t\t\t<div class=\"elementor-widget-container\">\n\t\t\t\t\t<section class=\"aux-widget-modern-heading\">\n            <div class=\"aux-widget-inner\"><h2 class=\"aux-modern-heading-primary\">Esta secci\u00f3n se encuentra en mantenimiento<\/h2><div class=\"aux-modern-heading-description\"><p>Volver\u00e1 a estar disponible en breves momentos<br \/><br \/><\/p><h5>Disculpa las molestias<\/h5><\/div><\/div>\n        <\/section>\t\t\t\t<\/div>\n\t\t\t\t<\/div>\n\t\t\t\t<div class=\"elementor-element elementor-element-3e0ed56 aux-appear-watch-animation aux-fade-in-up-1 elementor-widget elementor-widget-aux_contact_form\" data-id=\"3e0ed56\" data-element_type=\"widget\" data-e-type=\"widget\" data-widget_type=\"aux_contact_form.default\">\n\t\t\t\t<div class=\"elementor-widget-container\">\n\t\t\t\t\t<section class=\"widget-container aux-widget-contact-form aux-parent-aucf354dcc\">            <div class=\"aux-col-wrapper aux-no-gutter\">\n            <!-- @TODO - The output for element here -->\n\n            \n\n            <\/div><!-- aux-col-wrapper -->\n    <\/section><!-- widget-container -->\t\t\t\t<\/div>\n\t\t\t\t<\/div>\n\t\t\t\t\t<\/div>\n\t\t<\/div>\n\t\t\t\t<div class=\"aux-parallax-section elementor-column elementor-col-33 elementor-top-column elementor-element elementor-element-4764bed\" data-id=\"4764bed\" data-element_type=\"column\" data-e-type=\"column\">\n\t\t\t<div class=\"elementor-widget-wrap\">\n\t\t\t\t\t\t\t<\/div>\n\t\t<\/div>\n\t\t\t\t\t<\/div>\n\t\t<\/section>\n\t\t\t\t<\/div>\n\t\t","protected":false},"excerpt":{"rendered":"<p>Inscr\u00edbete S\u00f3lo se admitir\u00e1n las primeras 50 inscripciones por actividad Esta secci\u00f3n se encuentra en mantenimiento Volver\u00e1 a estar disponible en breves momentos Disculpa las molestias Por favor, activa JavaScript en tu navegador para completar este formulario. &#8211; Paso 1 de 3Nombre *NombreApellidosNIF *Correo electr\u00f3nico * &lt;input type=&quot;checkbox&quot; id=&quot;wpforms-13-field_13_1&quot; name=&quot;wpforms[fields][13][]&quot; value=&quot;He le\u00eddo y acepto la [&hellip;]<\/p>\n","protected":false},"author":8,"featured_media":0,"parent":0,"menu_order":0,"comment_status":"closed","ping_status":"closed","template":"","meta":{"footnotes":""},"class_list":["post-552","page","type-page","status-publish","hentry"],"yoast_head":"<!-- This site is optimized with the Yoast SEO plugin v27.1.1 - https:\/\/yoast.com\/product\/yoast-seo-wordpress\/ -->\n<title>JATO GastroC\u00e1ceres GastroC\u00e1ceres - Inscr\u00edbete<\/title>\n<meta name=\"robots\" content=\"noindex, follow, max-snippet:-1, max-image-preview:large, max-video-preview:-1\" \/>\n<meta property=\"og:locale\" content=\"es_ES\" \/>\n<meta property=\"og:type\" content=\"article\" \/>\n<meta property=\"og:title\" content=\"JATO GastroC\u00e1ceres GastroC\u00e1ceres - Inscr\u00edbete\" \/>\n<meta property=\"og:description\" content=\"Inscr\u00edbete S\u00f3lo se admitir\u00e1n las primeras 50 inscripciones por actividad Esta secci\u00f3n se encuentra en mantenimiento Volver\u00e1 a estar disponible en breves momentos Disculpa las molestias Por favor, activa JavaScript en tu navegador para completar este formulario. &#8211; Paso 1 de 3Nombre *NombreApellidosNIF *Correo electr\u00f3nico * &lt;input type=&quot;checkbox&quot; id=&quot;wpforms-13-field_13_1&quot; name=&quot;wpforms[fields][13][]&quot; value=&quot;He le\u00eddo y acepto la [&hellip;]\" \/>\n<meta property=\"og:url\" content=\"https:\/\/2022.jatoprovinciadecaceres.es\/gastrocaceres\/inscribete\/\" \/>\n<meta property=\"og:site_name\" content=\"JATO GastroC\u00e1ceres\" \/>\n<meta property=\"article:modified_time\" content=\"2022-06-04T22:34:03+00:00\" \/>\n<meta name=\"twitter:card\" content=\"summary_large_image\" \/>\n<meta name=\"twitter:label1\" content=\"Tiempo de lectura\" \/>\n\t<meta name=\"twitter:data1\" content=\"2 minutos\" \/>\n<script type=\"application\/ld+json\" class=\"yoast-schema-graph\">{\"@context\":\"https:\/\/schema.org\",\"@graph\":[{\"@type\":\"WebPage\",\"@id\":\"https:\/\/2022.jatoprovinciadecaceres.es\/gastrocaceres\/inscribete\/\",\"url\":\"https:\/\/2022.jatoprovinciadecaceres.es\/gastrocaceres\/inscribete\/\",\"name\":\"JATO GastroC\u00e1ceres GastroC\u00e1ceres - Inscr\u00edbete\",\"isPartOf\":{\"@id\":\"https:\/\/2022.jatoprovinciadecaceres.es\/gastrocaceres\/#website\"},\"datePublished\":\"2022-05-10T09:16:04+00:00\",\"dateModified\":\"2022-06-04T22:34:03+00:00\",\"breadcrumb\":{\"@id\":\"https:\/\/2022.jatoprovinciadecaceres.es\/gastrocaceres\/inscribete\/#breadcrumb\"},\"inLanguage\":\"es\",\"potentialAction\":[{\"@type\":\"ReadAction\",\"target\":[\"https:\/\/2022.jatoprovinciadecaceres.es\/gastrocaceres\/inscribete\/\"]}]},{\"@type\":\"BreadcrumbList\",\"@id\":\"https:\/\/2022.jatoprovinciadecaceres.es\/gastrocaceres\/inscribete\/#breadcrumb\",\"itemListElement\":[{\"@type\":\"ListItem\",\"position\":1,\"name\":\"Portada\",\"item\":\"https:\/\/2022.jatoprovinciadecaceres.es\/gastrocaceres\/\"},{\"@type\":\"ListItem\",\"position\":2,\"name\":\"Inscr\u00edbete\"}]},{\"@type\":\"WebSite\",\"@id\":\"https:\/\/2022.jatoprovinciadecaceres.es\/gastrocaceres\/#website\",\"url\":\"https:\/\/2022.jatoprovinciadecaceres.es\/gastrocaceres\/\",\"name\":\"JATO GastroC\u00e1ceres\",\"description\":\"GastroC\u00e1ceres\",\"publisher\":{\"@id\":\"https:\/\/2022.jatoprovinciadecaceres.es\/gastrocaceres\/#organization\"},\"potentialAction\":[{\"@type\":\"SearchAction\",\"target\":{\"@type\":\"EntryPoint\",\"urlTemplate\":\"https:\/\/2022.jatoprovinciadecaceres.es\/gastrocaceres\/?s={search_term_string}\"},\"query-input\":{\"@type\":\"PropertyValueSpecification\",\"valueRequired\":true,\"valueName\":\"search_term_string\"}}],\"inLanguage\":\"es\"},{\"@type\":\"Organization\",\"@id\":\"https:\/\/2022.jatoprovinciadecaceres.es\/gastrocaceres\/#organization\",\"name\":\"JATO GastroC\u00e1ceres\",\"url\":\"https:\/\/2022.jatoprovinciadecaceres.es\/gastrocaceres\/\",\"logo\":{\"@type\":\"ImageObject\",\"inLanguage\":\"es\",\"@id\":\"https:\/\/2022.jatoprovinciadecaceres.es\/gastrocaceres\/#\/schema\/logo\/image\/\",\"url\":\"https:\/\/2022.jatoprovinciadecaceres.es\/gastrocaceres\/wp-content\/uploads\/sites\/6\/2022\/05\/Logo-jato.png\",\"contentUrl\":\"https:\/\/2022.jatoprovinciadecaceres.es\/gastrocaceres\/wp-content\/uploads\/sites\/6\/2022\/05\/Logo-jato.png\",\"width\":498,\"height\":497,\"caption\":\"JATO GastroC\u00e1ceres\"},\"image\":{\"@id\":\"https:\/\/2022.jatoprovinciadecaceres.es\/gastrocaceres\/#\/schema\/logo\/image\/\"}}]}<\/script>\n<!-- \/ Yoast SEO plugin. -->","yoast_head_json":{"title":"JATO GastroC\u00e1ceres GastroC\u00e1ceres - Inscr\u00edbete","robots":{"index":"noindex","follow":"follow","max-snippet":"max-snippet:-1","max-image-preview":"max-image-preview:large","max-video-preview":"max-video-preview:-1"},"og_locale":"es_ES","og_type":"article","og_title":"JATO GastroC\u00e1ceres GastroC\u00e1ceres - Inscr\u00edbete","og_description":"Inscr\u00edbete S\u00f3lo se admitir\u00e1n las primeras 50 inscripciones por actividad Esta secci\u00f3n se encuentra en mantenimiento Volver\u00e1 a estar disponible en breves momentos Disculpa las molestias Por favor, activa JavaScript en tu navegador para completar este formulario. &#8211; Paso 1 de 3Nombre *NombreApellidosNIF *Correo electr\u00f3nico * &lt;input type=&quot;checkbox&quot; id=&quot;wpforms-13-field_13_1&quot; name=&quot;wpforms[fields][13][]&quot; value=&quot;He le\u00eddo y acepto la [&hellip;]","og_url":"https:\/\/2022.jatoprovinciadecaceres.es\/gastrocaceres\/inscribete\/","og_site_name":"JATO GastroC\u00e1ceres","article_modified_time":"2022-06-04T22:34:03+00:00","twitter_card":"summary_large_image","twitter_misc":{"Tiempo de lectura":"2 minutos"},"schema":{"@context":"https:\/\/schema.org","@graph":[{"@type":"WebPage","@id":"https:\/\/2022.jatoprovinciadecaceres.es\/gastrocaceres\/inscribete\/","url":"https:\/\/2022.jatoprovinciadecaceres.es\/gastrocaceres\/inscribete\/","name":"JATO GastroC\u00e1ceres GastroC\u00e1ceres - Inscr\u00edbete","isPartOf":{"@id":"https:\/\/2022.jatoprovinciadecaceres.es\/gastrocaceres\/#website"},"datePublished":"2022-05-10T09:16:04+00:00","dateModified":"2022-06-04T22:34:03+00:00","breadcrumb":{"@id":"https:\/\/2022.jatoprovinciadecaceres.es\/gastrocaceres\/inscribete\/#breadcrumb"},"inLanguage":"es","potentialAction":[{"@type":"ReadAction","target":["https:\/\/2022.jatoprovinciadecaceres.es\/gastrocaceres\/inscribete\/"]}]},{"@type":"BreadcrumbList","@id":"https:\/\/2022.jatoprovinciadecaceres.es\/gastrocaceres\/inscribete\/#breadcrumb","itemListElement":[{"@type":"ListItem","position":1,"name":"Portada","item":"https:\/\/2022.jatoprovinciadecaceres.es\/gastrocaceres\/"},{"@type":"ListItem","position":2,"name":"Inscr\u00edbete"}]},{"@type":"WebSite","@id":"https:\/\/2022.jatoprovinciadecaceres.es\/gastrocaceres\/#website","url":"https:\/\/2022.jatoprovinciadecaceres.es\/gastrocaceres\/","name":"JATO GastroC\u00e1ceres","description":"GastroC\u00e1ceres","publisher":{"@id":"https:\/\/2022.jatoprovinciadecaceres.es\/gastrocaceres\/#organization"},"potentialAction":[{"@type":"SearchAction","target":{"@type":"EntryPoint","urlTemplate":"https:\/\/2022.jatoprovinciadecaceres.es\/gastrocaceres\/?s={search_term_string}"},"query-input":{"@type":"PropertyValueSpecification","valueRequired":true,"valueName":"search_term_string"}}],"inLanguage":"es"},{"@type":"Organization","@id":"https:\/\/2022.jatoprovinciadecaceres.es\/gastrocaceres\/#organization","name":"JATO GastroC\u00e1ceres","url":"https:\/\/2022.jatoprovinciadecaceres.es\/gastrocaceres\/","logo":{"@type":"ImageObject","inLanguage":"es","@id":"https:\/\/2022.jatoprovinciadecaceres.es\/gastrocaceres\/#\/schema\/logo\/image\/","url":"https:\/\/2022.jatoprovinciadecaceres.es\/gastrocaceres\/wp-content\/uploads\/sites\/6\/2022\/05\/Logo-jato.png","contentUrl":"https:\/\/2022.jatoprovinciadecaceres.es\/gastrocaceres\/wp-content\/uploads\/sites\/6\/2022\/05\/Logo-jato.png","width":498,"height":497,"caption":"JATO GastroC\u00e1ceres"},"image":{"@id":"https:\/\/2022.jatoprovinciadecaceres.es\/gastrocaceres\/#\/schema\/logo\/image\/"}}]}},"_links":{"self":[{"href":"https:\/\/2022.jatoprovinciadecaceres.es\/gastrocaceres\/wp-json\/wp\/v2\/pages\/552","targetHints":{"allow":["GET"]}}],"collection":[{"href":"https:\/\/2022.jatoprovinciadecaceres.es\/gastrocaceres\/wp-json\/wp\/v2\/pages"}],"about":[{"href":"https:\/\/2022.jatoprovinciadecaceres.es\/gastrocaceres\/wp-json\/wp\/v2\/types\/page"}],"author":[{"embeddable":true,"href":"https:\/\/2022.jatoprovinciadecaceres.es\/gastrocaceres\/wp-json\/wp\/v2\/users\/8"}],"replies":[{"embeddable":true,"href":"https:\/\/2022.jatoprovinciadecaceres.es\/gastrocaceres\/wp-json\/wp\/v2\/comments?post=552"}],"version-history":[{"count":0,"href":"https:\/\/2022.jatoprovinciadecaceres.es\/gastrocaceres\/wp-json\/wp\/v2\/pages\/552\/revisions"}],"wp:attachment":[{"href":"https:\/\/2022.jatoprovinciadecaceres.es\/gastrocaceres\/wp-json\/wp\/v2\/media?parent=552"}],"curies":[{"name":"wp","href":"https:\/\/api.w.org\/{rel}","templated":true}]}}